{"id":1481,"date":"2021-11-04T11:45:08","date_gmt":"2021-11-04T11:45:08","guid":{"rendered":"https:\/\/foxiz.themeruby.com\/default\/?page_id=1481"},"modified":"2025-07-15T12:30:17","modified_gmt":"2025-07-15T15:30:17","slug":"contact","status":"publish","type":"page","link":"https:\/\/canal9santacruz.com\/?page_id=1481","title":{"rendered":"Contacto"},"content":{"rendered":"\t\t<div data-elementor-type=\"wp-page\" data-elementor-id=\"1481\" class=\"elementor elementor-1481\" data-elementor-post-type=\"page\">\n\t\t\t\t\t\t<section class=\"elementor-section elementor-top-section elementor-element elementor-element-6ba5260 elementor-section-boxed elementor-section-height-default elementor-section-height-default\" data-id=\"6ba5260\" data-element_type=\"section\">\n\t\t\t\t\t\t<div class=\"elementor-container elementor-column-gap-custom\">\n\t\t\t\t\t<div class=\"elementor-column elementor-col-50 elementor-top-column elementor-element elementor-element-ffe814a\" data-id=\"ffe814a\" data-element_type=\"column\">\n\t\t\t<div class=\"elementor-widget-wrap elementor-element-populated\">\n\t\t\t\t\t\t<div class=\"elementor-element elementor-element-22d3b9e elementor-widget elementor-widget-foxiz-heading\" data-id=\"22d3b9e\" data-element_type=\"widget\" data-widget_type=\"foxiz-heading.default\">\n\t\t\t\t<div class=\"elementor-widget-container\">\n\t\t\t\t\t<div id=\"uid_22d3b9e\" class=\"block-h heading-layout-10\"><div class=\"heading-inner\"><h2 class=\"heading-title\"><span>Quiere contactarnos?<\/span><\/h2><\/div><\/div>\t\t\t\t<\/div>\n\t\t\t\t<\/div>\n\t\t\t\t<div class=\"elementor-element elementor-element-fb0660c elementor-widget elementor-widget-text-editor\" data-id=\"fb0660c\" data-element_type=\"widget\" data-widget_type=\"text-editor.default\">\n\t\t\t\t<div class=\"elementor-widget-container\">\n\t\t\t\t\t\t\t\t\t<p>A medida que atendemos las necesidades de nuestros televidentes, los tiempos de espera por correo electr\u00f3nico pueden ser m\u00e1s largos de lo habitual. En un esfuerzo por brindarle la mejor experiencia posible, le recomendamos que aproveche nuestras l\u00edneas telef\u00f3nicas. En la mayor\u00eda de los casos, esta es la opci\u00f3n m\u00e1s r\u00e1pida y f\u00e1cil.<\/p>\t\t\t\t\t\t\t\t<\/div>\n\t\t\t\t<\/div>\n\t\t\t\t<div class=\"elementor-element elementor-element-3125def elementor-widget elementor-widget-shortcode\" data-id=\"3125def\" data-element_type=\"widget\" data-widget_type=\"shortcode.default\">\n\t\t\t\t<div class=\"elementor-widget-container\">\n\t\t\t\t\t\t\t<div class=\"elementor-shortcode\"><p class=\"wpcf7-contact-form-not-found\"><strong>Error:<\/strong> Formulario de contacto no encontrado.<\/p><\/div>\n\t\t\t\t\t\t<\/div>\n\t\t\t\t<\/div>\n\t\t\t\t\t<\/div>\n\t\t<\/div>\n\t\t\t\t<div class=\"elementor-column elementor-col-50 elementor-top-column elementor-element elementor-element-75972dc rb-sticky\" data-id=\"75972dc\" data-element_type=\"column\">\n\t\t\t<div class=\"elementor-widget-wrap elementor-element-populated\">\n\t\t\t\t\t\t<div class=\"elementor-element elementor-element-c617cc6 elementor-widget elementor-widget-foxiz-heading\" data-id=\"c617cc6\" data-element_type=\"widget\" data-widget_type=\"foxiz-heading.default\">\n\t\t\t\t<div class=\"elementor-widget-container\">\n\t\t\t\t\t<div id=\"uid_c617cc6\" class=\"block-h heading-layout-17\"><div class=\"heading-inner\"><h3 class=\"heading-title\"><span>Nuestras Redes Sociales<\/span><\/h3><\/div><\/div>\t\t\t\t<\/div>\n\t\t\t\t<\/div>\n\t\t\t\t<div class=\"elementor-element elementor-element-0c3ec49 yes-colorful elementor-widget elementor-widget-foxiz-social-follower\" data-id=\"0c3ec49\" data-element_type=\"widget\" data-widget_type=\"foxiz-social-follower.default\">\n\t\t\t\t<div class=\"elementor-widget-container\">\n\t\t\t\t\t<div class=\"socials-counter h6 is-style-6 is-icon-color is-h-bg\"><div class=\"social-follower effect-fadeout\"><div class=\"follower-el fb-follower\"><a target=\"_blank\" href=\"https:\/\/facebook.com\/Canal9SantaCruz\" class=\"facebook\" aria-label=\"Facebook\" rel=\"noopener nofollow\"><\/a><span class=\"follower-inner\"><span class=\"fnicon\"><i class=\"rbi rbi-facebook\" aria-hidden=\"true\"><\/i><\/span><span class=\"fnlabel\">Facebook<\/span><span class=\"text-count\">Like<\/span><\/span><\/div><div class=\"follower-el instagram-follower\"><a target=\"_blank\" href=\"https:\/\/instagram.com\/canal9santacruz\" class=\"instagram\" aria-label=\"Instagram\" rel=\"noopener nofollow\"><\/a><span class=\"follower-inner\"><span class=\"fnicon\"><i class=\"rbi rbi-instagram\" aria-hidden=\"true\"><\/i><\/span><span class=\"fnlabel\">Instagram<\/span><span class=\"text-count\">Follow<\/span><\/span><\/div><div class=\"follower-el youtube-follower\"><a target=\"_blank\" href=\"https:\/\/youtube.com\/@CanalNueveSantaCruz\" class=\"youtube\" aria-label=\"Youtube\" rel=\"noopener nofollow\"><\/a><span class=\"follower-inner\"><span class=\"fnicon\"><i class=\"rbi rbi-youtube\" aria-hidden=\"true\"><\/i><\/span><span class=\"fnlabel\">Youtube<\/span><span class=\"text-count\">Subscribe<\/span><\/span><\/div><div class=\"follower-el tiktok-follower\"><a target=\"_blank\" href=\"https:\/\/www.tiktok.com\/\" class=\"tiktok\" aria-label=\"Tiktok\" rel=\"noopener nofollow\"><\/a><span class=\"follower-inner\"><span class=\"fnicon\"><i class=\"rbi rbi-tiktok\" aria-hidden=\"true\"><\/i><\/span><span class=\"fnlabel\">Tiktok<\/span><span class=\"text-count\">Follow<\/span><\/span><\/div><\/div><\/div>\t\t\t\t<\/div>\n\t\t\t\t<\/div>\n\t\t\t\t\t<\/div>\n\t\t<\/div>\n\t\t\t\t\t<\/div>\n\t\t<\/section>\n\t\t\t\t<\/div>\n\t\t<script>function PlayerjsAsync(){} if(window[\"Playerjs\"]){PlayerjsAsync();}<\/script>","protected":false},"excerpt":{"rendered":"<p>Quiere contactarnos? A medida que atendemos las necesidades de nuestros televidentes, los tiempos de espera por correo electr\u00f3nico pueden ser m\u00e1s largos de lo habitual. En un esfuerzo por brindarle la mejor experiencia posible, le recomendamos que aproveche nuestras l\u00edneas telef\u00f3nicas. En la mayor\u00eda de los casos, esta es la opci\u00f3n m\u00e1s r\u00e1pida y f\u00e1cil. [&hellip;]<\/p>\n","protected":false},"author":1,"featured_media":0,"parent":0,"menu_order":0,"comment_status":"closed","ping_status":"closed","template":"","meta":{"content-type":"","footnotes":""},"class_list":["post-1481","page","type-page","status-publish"],"yoast_head":"<!-- This site is optimized with the Yoast SEO plugin v26.5 - https:\/\/yoast.com\/wordpress\/plugins\/seo\/ -->\n<title>Contacto - Canal 9 Provincia de Santa Cruz<\/title>\n<meta name=\"robots\" content=\"index, follow, max-snippet:-1, max-image-preview:large, max-video-preview:-1\" \/>\n<link rel=\"canonical\" href=\"https:\/\/canal9santacruz.com\/?page_id=1481\" \/>\n<meta property=\"og:locale\" content=\"es_ES\" \/>\n<meta property=\"og:type\" content=\"article\" \/>\n<meta property=\"og:title\" content=\"Contacto - Canal 9 Provincia de Santa Cruz\" \/>\n<meta property=\"og:description\" content=\"Quiere contactarnos? A medida que atendemos las necesidades de nuestros televidentes, los tiempos de espera por correo electr\u00f3nico pueden ser m\u00e1s largos de lo habitual. En un esfuerzo por brindarle la mejor experiencia posible, le recomendamos que aproveche nuestras l\u00edneas telef\u00f3nicas. En la mayor\u00eda de los casos, esta es la opci\u00f3n m\u00e1s r\u00e1pida y f\u00e1cil. [&hellip;]\" \/>\n<meta property=\"og:url\" content=\"https:\/\/canal9santacruz.com\/?page_id=1481\" \/>\n<meta property=\"og:site_name\" content=\"Canal 9 Provincia de Santa Cruz\" \/>\n<meta property=\"article:modified_time\" content=\"2025-07-15T15:30:17+00:00\" \/>\n<meta name=\"twitter:card\" content=\"summary_large_image\" \/>\n<meta name=\"twitter:label1\" content=\"Tiempo de lectura\" \/>\n\t<meta name=\"twitter:data1\" content=\"1 minuto\" \/>\n<script type=\"application\/ld+json\" class=\"yoast-schema-graph\">{\"@context\":\"https:\/\/schema.org\",\"@graph\":[{\"@type\":\"WebPage\",\"@id\":\"https:\/\/canal9santacruz.com\/?page_id=1481\",\"url\":\"https:\/\/canal9santacruz.com\/?page_id=1481\",\"name\":\"Contacto - Canal 9 Provincia de Santa Cruz\",\"isPartOf\":{\"@id\":\"https:\/\/canal9santacruz.com\/#website\"},\"datePublished\":\"2021-11-04T11:45:08+00:00\",\"dateModified\":\"2025-07-15T15:30:17+00:00\",\"breadcrumb\":{\"@id\":\"https:\/\/canal9santacruz.com\/?page_id=1481#breadcrumb\"},\"inLanguage\":\"es\",\"potentialAction\":[{\"@type\":\"ReadAction\",\"target\":[\"https:\/\/canal9santacruz.com\/?page_id=1481\"]}]},{\"@type\":\"BreadcrumbList\",\"@id\":\"https:\/\/canal9santacruz.com\/?page_id=1481#breadcrumb\",\"itemListElement\":[{\"@type\":\"ListItem\",\"position\":1,\"name\":\"Portada\",\"item\":\"https:\/\/canal9santacruz.com\/\"},{\"@type\":\"ListItem\",\"position\":2,\"name\":\"Contacto\"}]},{\"@type\":\"WebSite\",\"@id\":\"https:\/\/canal9santacruz.com\/#website\",\"url\":\"https:\/\/canal9santacruz.com\/\",\"name\":\"Canal 9 Provincia de Santa Cruz\",\"description\":\"\",\"potentialAction\":[{\"@type\":\"SearchAction\",\"target\":{\"@type\":\"EntryPoint\",\"urlTemplate\":\"https:\/\/canal9santacruz.com\/?s={search_term_string}\"},\"query-input\":{\"@type\":\"PropertyValueSpecification\",\"valueRequired\":true,\"valueName\":\"search_term_string\"}}],\"inLanguage\":\"es\"}]}<\/script>\n<!-- \/ Yoast SEO plugin. -->","yoast_head_json":{"title":"Contacto - Canal 9 Provincia de Santa Cruz","robots":{"index":"index","follow":"follow","max-snippet":"max-snippet:-1","max-image-preview":"max-image-preview:large","max-video-preview":"max-video-preview:-1"},"canonical":"https:\/\/canal9santacruz.com\/?page_id=1481","og_locale":"es_ES","og_type":"article","og_title":"Contacto - Canal 9 Provincia de Santa Cruz","og_description":"Quiere contactarnos? A medida que atendemos las necesidades de nuestros televidentes, los tiempos de espera por correo electr\u00f3nico pueden ser m\u00e1s largos de lo habitual. En un esfuerzo por brindarle la mejor experiencia posible, le recomendamos que aproveche nuestras l\u00edneas telef\u00f3nicas. En la mayor\u00eda de los casos, esta es la opci\u00f3n m\u00e1s r\u00e1pida y f\u00e1cil. [&hellip;]","og_url":"https:\/\/canal9santacruz.com\/?page_id=1481","og_site_name":"Canal 9 Provincia de Santa Cruz","article_modified_time":"2025-07-15T15:30:17+00:00","twitter_card":"summary_large_image","twitter_misc":{"Tiempo de lectura":"1 minuto"},"schema":{"@context":"https:\/\/schema.org","@graph":[{"@type":"WebPage","@id":"https:\/\/canal9santacruz.com\/?page_id=1481","url":"https:\/\/canal9santacruz.com\/?page_id=1481","name":"Contacto - Canal 9 Provincia de Santa Cruz","isPartOf":{"@id":"https:\/\/canal9santacruz.com\/#website"},"datePublished":"2021-11-04T11:45:08+00:00","dateModified":"2025-07-15T15:30:17+00:00","breadcrumb":{"@id":"https:\/\/canal9santacruz.com\/?page_id=1481#breadcrumb"},"inLanguage":"es","potentialAction":[{"@type":"ReadAction","target":["https:\/\/canal9santacruz.com\/?page_id=1481"]}]},{"@type":"BreadcrumbList","@id":"https:\/\/canal9santacruz.com\/?page_id=1481#breadcrumb","itemListElement":[{"@type":"ListItem","position":1,"name":"Portada","item":"https:\/\/canal9santacruz.com\/"},{"@type":"ListItem","position":2,"name":"Contacto"}]},{"@type":"WebSite","@id":"https:\/\/canal9santacruz.com\/#website","url":"https:\/\/canal9santacruz.com\/","name":"Canal 9 Provincia de Santa Cruz","description":"","potentialAction":[{"@type":"SearchAction","target":{"@type":"EntryPoint","urlTemplate":"https:\/\/canal9santacruz.com\/?s={search_term_string}"},"query-input":{"@type":"PropertyValueSpecification","valueRequired":true,"valueName":"search_term_string"}}],"inLanguage":"es"}]}},"_links":{"self":[{"href":"https:\/\/canal9santacruz.com\/index.php?rest_route=\/wp\/v2\/pages\/1481","targetHints":{"allow":["GET"]}}],"collection":[{"href":"https:\/\/canal9santacruz.com\/index.php?rest_route=\/wp\/v2\/pages"}],"about":[{"href":"https:\/\/canal9santacruz.com\/index.php?rest_route=\/wp\/v2\/types\/page"}],"author":[{"embeddable":true,"href":"https:\/\/canal9santacruz.com\/index.php?rest_route=\/wp\/v2\/users\/1"}],"replies":[{"embeddable":true,"href":"https:\/\/canal9santacruz.com\/index.php?rest_route=%2Fwp%2Fv2%2Fcomments&post=1481"}],"version-history":[{"count":6,"href":"https:\/\/canal9santacruz.com\/index.php?rest_route=\/wp\/v2\/pages\/1481\/revisions"}],"predecessor-version":[{"id":3873,"href":"https:\/\/canal9santacruz.com\/index.php?rest_route=\/wp\/v2\/pages\/1481\/revisions\/3873"}],"wp:attachment":[{"href":"https:\/\/canal9santacruz.com\/index.php?rest_route=%2Fwp%2Fv2%2Fmedia&parent=1481"}],"curies":[{"name":"wp","href":"https:\/\/api.w.org\/{rel}","templated":true}]}}